Let d be (1/2)/(2/20). Suppose 0 = -3*k + 2*h + 116, 4*k - d*k + 3*h = -41. What is the remainder when ((-8)/4)/((-2)/k) is divided by 10?
8
Let u(s) = 3*s**2 + s - 8. Suppose 6 = -2*i + i. Calculate the remainder when u(i) is divided by 24.
22
Let o = -16 + 11. What is the remainder when 53 is divided by (-9)/4*40/o?
17
Suppose -5*c = -5*b + 35, 4*b - 9 = 5*c + 21. Let z be -2*(2 + c + -2). Suppose 5 = z*q + 1. What is the remainder when 2 is divided by q?
0
Suppose 0 = h - 12. Calculate the remainder when 45 is divided by h.
9
Let x be ((-15)/(-6))/(2/40). Suppose 7*r - x = 125. Suppose 3*a = i + 28, 4*a + 0*i = 2*i + 38. What is the remainder when r is divided by a?
7
Suppose 0*g = 2*g - 8. Suppose 3*p - 2 = g. Calculate the remainder when 1 - -2 - (-1 + 1) is divided by p.
1
Suppose 0*y - 5*u = 5*y - 100, 5*y = 5*u + 130. Suppose -11 = -2*k + 3*m, -12*k - 5*m = -15*k + 14. What is the remainder when y is divided by k?
10
Let t(x) be the third derivative of x**5/60 - x**4/12 - x**3/3 + 5*x**2. Calculate the remainder when t(-3) is divided by 7.
6
Suppose -4*o + 0*o - 2*p + 240 = 0, -o - 2*p + 54 = 0. What is the remainder when o is divided by 17?
11
Suppose 3*d + 0*f = -2*f + 28, 2*d - 15 = -5*f. Let m = -2 + d. Suppose 20*k + 7*k = 405. What is the remainder when k is divided by m?
7
What is the remainder when (5 - 6) + 0 + 35 is divided by 7?
6
Suppose 2*u = -2*u + 16. Suppose -53 = -3*o + u*y, o - y + 17 = 3*o. Suppose 25 = 3*x + 7. What is the remainder when o is divided by x?
5
Let x(a) = -1 + 1 + 4 + a. Let w be x(4). Let v = w + -4. Calculate the remainder when v is divided by 2.
0
Let f(i) = i**2 - 2*i - 4. Let q be f(4). Let d = 15 - q. What is the remainder when d is divided by 4?
3
Let a(i) = -i**2 - 9*i - 7. Calculate the remainder when a(-6) is divided by 2/7 - (-156)/42.
3
Let c(g) = 3*g. Let d be c(1). Suppose 2*j = -5*w - 16, 0 = d*j + w + w + 35. Let k = -3 - j. Calculate the remainder when 28 is divided by k.
8
Let m = 160 + -145. What is the remainder when 59 is divided by m?
14
Let c = 2 + 33. Calculate the remainder when c is divided by 18.
17
Let t = 0 + 2. Suppose 3*p = -5*k + p + 70, t*k - 2*p = 28. Calculate the remainder when k is divided by 8.
6
Let x = -3 + 8. Suppose x*n - 96 = n. Calculate the remainder when n is divided by 9.
6
Let c = -107 + 192. Calculate the remainder when c is divided by 16/6*(-132)/(-16).
19
Suppose 4*x + l - 3*l = 22, x = -5*l. Suppose 6 = 3*z - s, 4*z + 4 = x*s + 1. Suppose -3 - z = -2*v. What is the remainder when v is divided by 2?
1
Let c be (0/(-2))/(-4 + 3). Suppose 6*d - 8 = 4*d. Suppose -2*h = -3*o + 3*h + d, 3*o + 2*h - 32 = c. What is the remainder when 22 is divided by o?
6
Suppose 2*m + 0*m + 42 = 4*n, 5*n - 53 = 3*m. Calculate the remainder when 39 is divided by n.
9
Let f(b) = -4*b - 9*b**2 - 3 + 13*b + 2*b**3 - b**3. What is the remainder when 1440/104 + 2/13 is divided by f(8)?
4
Let v = -55 + 78. Suppose 0 = 6*f - 8 - 28. Calculate the remainder when v is divided by f.
5
Let o(w) = -w**3 + 2*w - 4. Let l be o(-3). Suppose l = -5*j + 57. Suppose 14*m = 18*m - 56. What is the remainder when m is divided by j?
6
Suppose -20 = 5*f + 4*q, -5*f = -0*q - 5*q - 25. Suppose -5*r + 5*p + 25 + 160 = 0, f = -5*r - p + 173. Calculate the remainder when r is divided by 19.
16
Suppose 2*m + 8 = 24. Let q be 11*((5 - 2) + -4). Let w = 26 + q. What is the remainder when w is divided by m?
7
Suppose 2*i + 4*y + 152 = 6*i, i = -3*y + 34. Calculate the remainder when i is divided by 8.
5
What is the remainder when (-4 + -5)/((-6)/20) is divided by 8?
6
Suppose 3*y - 7*y = -192. Suppose -5*a - 7 = -5*j + 83, 0 = 4*j + 4*a - y. What is the remainder when 28 is divided by j?
13
Let v(l) = -2*l**3 - 5*l**2 - 2*l + 4. Let m(q) = -q**2 + 10. Suppose 2*p - 4*p = 0. What is the remainder when v(-3) is divided by m(p)?
9
What is the remainder when 54 is divided by (-210)/7*(-2)/4?
9
Let y(s) = s**3 + 6*s**2 - 3*s - 4. Calculate the remainder when 26 is divided by y(-6).
12
Suppose -3*a + t + 37 = 6*t, -4*t + 10 = a. Calculate the remainder when 51 is divided by a.
9
What is the remainder when 79 is divided by (4/(-2) - (0 - 0)) + 29?
25
Let r = 7 + -5. Let s = 0 - -2. What is the remainder when r is divided by s?
0
Suppose -v - 16 = 4*h, -5 - 7 = 3*v. Calculate the remainder when 4 is divided by -2*(h + 0) + -3.
1
Let i = -23 + 41. Let g = -306 + 431. Suppose -3*j + g = 4*x, -4*j - x = -17 - 128. Calculate the remainder when j is divided by i.
17
Suppose -5*y + 58 = 5*t - 7, -65 = -5*t + 4*y. Let z = 68 + -33. What is the remainder when z is divided by t?
9
Let i = 8 - 1. Calculate the remainder when 10 is divided by i.
3
Suppose -5*v = -145 + 40. What is the remainder when v is divided by 13?
8
Let g(u) = -5*u - 6. Let j = 8 - 8. Suppose j*v = 4*v + 16. Calculate the remainder when 27 is divided by g(v).
13
Suppose 0 = 5*p - 5*i + 12 - 262, -2*p + 4*i = -92. Calculate the remainder when p is divided by 14.
12
Let o(u) = 3*u - 9. What is the remainder when o(6) is divided by 2?
1
Let o(c) = c**3 + 6*c**2 - c - 7. What is the remainder when o(-5) is divided by (-1)/(-1 + (-24)/(-26))?
10
Suppose -117 = -0*z - 3*z. Calculate the remainder when z is divided by (-7)/((-196)/288) + 6/(-21).
9
Let q = 6 + 25. Calculate the remainder when 123 is divided by q.
30
What is the remainder when 69 is divided by ((-4)/(-2) + -1)*140/4?
34
Suppose 25*y - 643 = 82. Suppose 2*i = 86 + 140. What is the remainder when i is divided by y?
26
Suppose 9 = -t + 4*m, 3*t + 3 = 2*m + 16. Suppose t*f + 22 = 2*i + 3*f, 2*f = 0. Let h = -2 + 33. What is the remainder when h is divided by i?
9
Calculate the remainder when 11/22 - 582/(-4) is divided by 37.
35
Suppose -5*s = 5*x - 13 - 72, 4*s - 71 = -5*x. What is the remainder when s is divided by 9?
5
Let z be (-8)/24*(-36 + 0). Suppose 5*t - 20 = 30. Calculate the remainder when z/(-18) + 56/3 is divided by t.
8
Suppose 3*g + 5*j - 55 = 0, 3*g + j = 6*j + 95. Calculate the remainder when g is divided by 14.
11
Let m be (-6)/27 + 515/9. Suppose -4*u + 7*u - m = 0. Calculate the remainder when u is divided by 10.
9
Let y be 30/25*(-1 - -36). Suppose 4*q - 2*u - y = 0, 5*q - 69 = 4*u - 12. Calculate the remainder when 17 is divided by q.
8
Let k(z) = -z**3 + 7*z**2 + 2. Let g be k(7). Let p = g + 0. What is the remainder when 18 is divided by (1/p)/(6/120)?
8
Let v(j) = j. Let c be v(-1). Suppose 2*b = -4*g - 2 - 10, -5*b - 23 = 3*g. Calculate the remainder when c - g - (-1 - 1) is divided by 1.
0
Let a(g) be the first derivative of -g**2 - 9*g - 3. What is the remainder when 12 is divided by a(-8)?
5
Let f be -4 + 2 - 2/(-1). Let g = 17 + f. What is the remainder when 48 is divided by g?
14
Let j = 1 + 14. Calculate the remainder when 29 is divided by j.
14
Suppose 0 = 186*b - 189*b + 78. Suppose -3*w - 1 + 13 = 0. Suppose -p + 4*o = o + 2, 40 = w*p + 4*o. Calculate the remainder when b is divided by p.
5
Let w be 0 + -2 + 2 - 18. Let j = w - -3. What is the remainder when 16 is divided by -3*(-5)/(j/(-6))?
4
Let u(l) = l**3 - 10*l**2 + 2*l + 2. What is the remainder when 63 is divided by u(10)?
19
Let d = 66 + -29. Calculate the remainder when 145 is divided by d.
34
Suppose 3*l = -80 - 10. Let f = l - -43. What is the remainder when 37 is divided by f?
11
Let r(n) = -6*n**3 - 4*n**2 - 8*n + 4. What is the remainder when r(-3) is divided by 31?
30
Let j(d) = 17*d + 3. Let t be j(2). Let h = 56 - t. Calculate the remainder when h is divided by 10.
9
Let n be 72/(-4 - -8) - -4. Let h = 47 - n. Calculate the remainder when 99 is divided by h.
24
Suppose -2 = v, -3*v = -k - 3 - 1. Let i(b) = -2*b - 13. Suppose 0 = -4*z + 2*z + 26. What is the remainder when z is divided by i(k)?
6
What is the remainder when (-3 + 5)*-1*-25 is divided by 27?
23
Let u(v) = -4*v + v + 2*v - 2. Let t be u(-2). Suppose 4*g + 5*r = g + 104, 5*g - r - 192 = t. Calculate the remainder when g is divided by 20.
18
Let i(s) = -s**3 - 8*s**2 - s - 6. Let j be i(-8). Suppose -j*u + 3 = -15. What is the remainder when u is divided by 5?
4
Let i(u) be the second derivative of 4*u + 7/6*u**3 + 1/12*u**4 + 3*u**2 + 0. What is the remainder when 41 is divided by i(-8)?
13
Let y(k) = k. Let a(t) = -2*t + 14. Let